31 is divided by 398.
397
What is the remainder when 401534 is divided by 13838?
232
What is the remainder when 19260868 is divided by 447?
85
Calculate the remainder when 20588 is divided by 638.
172
Calculate the remainder when 387365 is divided by 4076.
145
What is the remainder when 6030951 is divided by 6030927?
24
What is the remainder when 53930 is divided by 8937?
308
Calculate the remainder when 1680253 is divided by 336050.
3
What is the remainder when 1385625 is divided by 25?
0
Calculate the remainder when 598636 is divided by 159.
1
Calculate the remainder when 66836245 is divided by 22278742.
19
What is the remainder when 18809130 is divided by 150472?
130
Calculate the remainder when 342334 is divided by 34232.
14
What is the remainder when 10089060 is divided by 1964?
1956
Calculate the remainder when 2634676 is divided by 357.
16
What is the remainder when 606077 is divided by 1131?
992
Calculate the remainder when 7139089 is divided by 1648.
1601
What is the remainder when 1416409 is divided by 5095?
5094
What is the remainder when 1078336 is divided by 159?
157
What is the remainder when 414025 is divided by 414024?
1
Calculate the remainder when 32702795 is divided by 16.
11
Calculate the remainder when 9472297 is divided by 189.
184
What is the remainder when 47568 is divided by 11844?
192
Calculate the remainder when 9252011 is divided by 7565.
16
What is the remainder when 184031 is divided by 30577?
569
What is the remainder when 38850863 is divided by 10?
3
What is the remainder when 3053253 is divided by 2?
1
What is the remainder when 15188 is divided by 258?
224
Calculate the remainder when 968134 is divided by 1017.
967
What is the remainder when 145816 is divided by 484?
132
What is the remainder when 15972558 is divided by 409552?
30
What is the remainder when 92488 is divided by 22625?
1988
Calculate the remainder when 2788117 is divided by 5038.
2103
What is the remainder when 35255635 is divided by 131?
129
Calculate the remainder when 1941841 is divided by 536.
449
What is the remainder when 5809599 is divided by 305768?
7
Calculate the remainder when 803467 is divided by 24347.
16
What is the remainder when 1608287 is divided by 170?
87
What is the remainder when 28059035 is divided by 309?
290
Calculate the remainder when 52804498 is divided by 1645.
1643
What is the remainder when 4872578 is divided by 55?
18
What is the remainder when 5724264 is divided by 65?
39
What is the remainder when 3477207 is divided by 1159066?
9
Calculate the remainder when 284449 is divided by 3086.
537
Calculate the remainder when 8026 is divided by 4008.
10
What is the remainder when 118827 is divided by 1081?
998
Calculate the remainder when 23815 is divided by 1085.
1030
What is the remainder when 2481721 is divided by 99?
88
Calculate the remainder when 47277475 is divided by 112834.
29
What is the remainder when 1927897 is divided by 51?
46
Calculate the remainder when 1084030396 is divided by 16.
12
What is the remainder when 10322934 is divided by 997?
993
What is the remainder when 51374608 is divided by 244?
164
What is the remainder when 13699791 is divided by 300?
291
What is the remainder when 1018033 is divided by 144749?
4790
What is the remainder when 1522888 is divided by 761383?
122
Calculate the remainder when 2235015 is divided by 20318.
35
What is the remainder when 365151 is divided by 19215?
66
Calculate the remainder when 3170094 is divided by 79.
61
What is the remainder when 9629632 is divided by 34764?
4
Calculate the remainder when 703628 is divided by 133.
58
Calculate the remainder when 4494 is divided by 276.
78
Calculate the remainder when 31617 is divided by 445.
22
What is the remainder when 287545 is divided by 45?
40
What is the remainder when 561111 is divided by 157?
150
Calculate the remainder when 707296 is divided by 11988.
4
What is the remainder when 11443286 is divided by 20398?
8
Calculate the remainder when 54242 is divided by 54182.
60
Calculate the remainder when 2953941 is divided by 222.
9
What is the remainder when 1592795 is divided by 1908?
1523
What is the remainder when 1480243 is divided by 370032?
115
What is the remainder when 3296194 is divided by 28?
6
Calculate the remainder when 17205369 is divided by 43.
37
What is the remainder when 7367 is divided by 3150?
1067
Calculate the remainder when 225993 is divided by 397.
100
What is the remainder when 714730 is divided by 102088?
114
Calculate the remainder when 3778784 is divided by 1043.
1038
Calculate the remainder when 10153095 is divided by 1080.
15
What is the remainder when 7070711 is divided by 5616?
167
Calculate the remainder when 13043030 is divided by 1467.
1400
What is the remainder when 15797786 is divided by 359?
350
Calculate the remainder when 1133987 is divided by 188983.
89
What is the remainder when 13104009 is divided by 344?
17
Calculate the remainder when 5054588 is divided by 147.
140
What is the remainder when 18121340 is divided by 29370?
50
What is the remainder when 104005117 is divided by 1195461?
10
Calculate the remainder when 127385347 is divided by 68.
63
What is the remainder when 23912 is divided by 2655?
17
What is the remainder when 189872098 is divided by 540?
538
What is the remainder when 99094 is divided by 14126?
212
Calculate the remainder when 180581551 is divided by 6965.
6961
Calculate the remainder when 1208907 is divided by 245.
77
What is the remainder when 110005 is divided by 27473?
113
What is the remainder when 8763646 is divided by 48?
46
What is the remainder when 1325430 is divided by 434?
428
What is the remainder when 44458122 is divided by 24?
18
What is the remainder when 189288 is divided by 133?
29
What is the remainder when 207475 is divided by 14728?
1283
Calculate the remainder when 886828 is divided by 3839.
19
What is the remainder when 441726 is divided by 409?
6
Calculate the remainder when 170338 is divided by 14115.
958
Calculate the remainder when 868746 is divided by 287.
284
Calculate the remainder when 958063 is divided by 7857.
7366
Calculate the remainder when 2371475 is divided by 2698.
2631
Calculate the remainder when 53920 is divided by 428.
420
What is the remainder when 128754 is divided by 13355?
8559
Calculate the remainder when 116293205 is divided by 4233.
4229
Calculate the remainder when 271938 is divided by 267735.
4203
What is the remainder when 16159890 is divided by 38203?
21
What is the remainder when 14487 is divided by 6872?
743
Calculate the remainder when 444336 is divided by 4040.
3976
What is the remainder when 199669 is divided by 131?
25
What is the remainder when 1517786 is divided by 2051?
46
What is the remainder when 308343 is divided by 268?
143
Calculate the remainder when 744096 is divided by 15502.
0
What is the remainder when 155790811 is divided by 2161?
2160
Calculate the remainder when 417504 is divided by 13902.
444
What is the remainder when 83007767 is divided by 1054?
1051
Calculate the remainder when 11105917 is divided by 2960.
2957
What is the remainder when 119588 is divided by 6863?
2917
What is the remainder when 34653 is divided by 5619?
939
What is the remainder when 2857044 is divided by 791?
743
Calculate the remainder when 129909 is divided by 43196.
321
Calculate the remainder when 8744 is divided by 6657.
2087
What is the remainder when 23973 is divided by 10477?
3019
What is the remainder when 5053 is divided by 4996?
57
What is the remainder when 4407916 is divided by 787?
716
Calculate the remainder when 6398644 is divided by 710950.
94
What is the remainder when 56087163 is divided by 28043558?
47
Calculate the remainder when 11091592 is divided by 1932.
1912
Calculate the remainder when 456673 is divided by 97.
94
What is the remainder when 10848302 is divided by 72?
62
Calculate the remainder when 1697812 is divided by 271.
268
Calculate the remainder when 224402 is divided by 365.
292
What is the remainder when 1324867960 is divided by 15?
10
What is the remainder when 38407895 is divided by 4137?
4124
Calculate the remainder when 60490 is divided by 5494.
56
What is the remainder when 6591 is divided by 1982?
645
Calculate the remainder when 5437461 is divided by 31.
30
Calculat